202211 - -1001122?
-1221201012
In base 4, what is -333201331 - 10332?
-333212323
In base 15, what is -141301 - -4?
-1412ec
In base 8, what is 2 + 3642564?
3642566
In base 15, what is 6 + -2b90a8?
-2b90a2
In base 12, what is -13716083 - -1?
-13716082
In base 6, what is 12224451 + 14?
12224505
In base 7, what is -16 + 3436330?
3436311
In base 2, what is -111010010000001010 + -10111?
-111010010000100001
In base 8, what is -1345 - 20145?
-21512
In base 4, what is 11100201330323 + 10?
11100201330333
In base 4, what is 1112 + -122010130?
-122003012
In base 13, what is 2 - 3a9a71?
-3a9a6c
In base 14, what is 20d + a11b?
a32a
In base 4, what is -2231113113201 - 23?
-2231113113230
In base 14, what is -14837d9 - 5?
-1483800
In base 16, what is 680a547 - -1?
680a548
In base 12, what is 637aa20 + 5?
637aa25
In base 8, what is -10022 + 660?
-7142
In base 14, what is -1904336 - -9?
-190432b
In base 3, what is 100 - 111211020001211?
-111211020001111
In base 16, what is -c6e + a9bc?
9d4e
In base 11, what is -266659 - 83?
-266731
In base 5, what is -44440 - 301312?
-401302
In base 3, what is 2101020100 - -112111?
2101202211
In base 9, what is -157 - -4710864?
4710706
In base 12, what is -5 + -1b90b429?
-1b90b432
In base 6, what is 540212352 - -33?
540212425
In base 7, what is -55 + 1362045?
1361660
In base 5, what is 220 + 13030204?
13030424
In base 14, what is -366 + 666d5?
6636d
In base 3, what is -221010122012112 + 10?
-221010122012102
In base 11, what is a3097 - 1017?
a2080
In base 9, what is 214 - 205071?
-204756
In base 6, what is -1324213352 + 24?
-1324213324
In base 7, what is 2220654 + -1624?
2216030
In base 15, what is 1 + 653c52?
653c53
In base 7, what is 1656 - 552262?
-550303
In base 7, what is -36452 - -65?
-36354
In base 6, what is -2 - 2034415?
-2034421
In base 16, what is 2 - fc4bd1?
-fc4bcf
In base 5, what is 20214314313244 + -2?
20214314313242
In base 8, what is -1222251 + -5?
-1222256
In base 10, what is 1 + 14248501?
14248502
In base 4, what is -11231103 + -112033?
-12003202
In base 5, what is 420411314140 - -1?
420411314141
In base 14, what is -20000 + -31?
-20031
In base 5, what is 413 - 144320010?
-144314042
In base 3, what is 10202 + -2002102121100?
-2002102110121
In base 16, what is -431f99 - -2e?
-431f6b
In base 14, what is 53b - -4d561?
4da9c
In base 2, what is 11011011 + -111110111000001111001?
-111110110111110011110
In base 5, what is -143122001 - 3?
-143122004
In base 5, what is -200 - -20413241?
20413041
In base 5, what is -24 + 2023302204?
2023302130
In base 12, what is -5 - 158337?
-158340
In base 16, what is -4286c - 668?
-42ed4
In base 3, what is 2120200020011102 - -10?
2120200020011112
In base 5, what is 110022031 - 1?
110022030
In base 4, what is -2 + -2021322322?
-2021322330
In base 3, what is -1101 - 201001100100?
-201001101201
In base 13, what is -1748 + 5ba?
-115b
In base 9, what is -45424 - -171?
-45243
In base 12, what is 317b0302 - -4?
317b0306
In base 7, what is -53 + -22030430?
-22030513
In base 9, what is -14257878 + 0?
-14257878
In base 7, what is 1102055 + -344?
1101411
In base 11, what is 32785828 - 2?
32785826
In base 12, what is 4166 - -1b03?
6069
In base 12, what is 15b0 + 34321?
35911
In base 13, what is -a + 814357?
81434a
In base 4, what is -2100133 - 333?
-2101132
In base 3, what is 12 - -102021002222212010?
102021002222212022
In base 10, what is 5 - 906293?
-906288
In base 4, what is -100331 + -310121?
-1011112
In base 12, what is -1644 - 816?
-225a
In base 8, what is 755715463 + -3?
755715460
In base 13, what is -8 + 1a15718?
1a15710
In base 14, what is c279 - -1d2?
c46b
In base 11, what is 28a2a934 + 2?
28a2a936
In base 4, what is -2002 - 23031301?
-23033303
In base 2, what is 10000110010000101 - -1111?
10000110010010100
In base 12, what is 5142 + -54b?
47b3
In base 10, what is -38213 - 728?
-38941
In base 2, what is 1010 + 101111110000001100001000110?
101111110000001100001010000
In base 13, what is -4 - -315348?
315344
In base 11, what is -781 - 31071?
-31842
In base 12, what is -2 + 224880?
22487a
In base 11, what is 139456a7 - -a?
13945706
In base 4, what is 1210112 + -1231133?
-21021
In base 10, what is -105 - 39517?
-39622
In base 14, what is 3 + 3d4dd85?
3d4dd88
In base 2, what is 101111000100 - 10011010001010?
-1101011000110
In base 10, what is 76 - 304185?
-304109
In base 14, what is 6b - -1283d1?
12845c
In base 13, what is -5 + -a2398ab?
-a2398b3
In base 6, what is -3 - 215215523?
-215215530
In base 12, what is -125445 + 3?
-125442
In base 16, what is 2a4 + 350a?
37ae
In base 3, what is -12 - -2100010211101111?
2100010211101022
In base 6, what is 24 - -3154353?
3154421
In base 8, what is -41 - 5152165?
-5152226
In base 15, what is -1 + -410ea7?
-410ea8
In base 11, what is 7a21 + -459?
7573
In base 6, what is 11 - -353051545?
353052000
In base 2, what is -100000101110 + -11101011111011010?
-11110000000001000
In base 13, what is a74 - 16b8c?
-16118
In base 11, what is -5a - -a2a0a06?
a2a0957
In base 7, what is -1062265243 - -4?
-1062265236
In base 2, what is 100101010111 - 11000110000110011010?
-11000101100001000011
In base 13, what is 9 - -43c32a?
43c336
In base 4, what is 10 + 13113223010?
13113223020
In base 6, what is 1 + 420044234?
420044235
In base 11, what is -2 - -2544a422?
2544a420
In base 12, what is -250842 - 109?
-25094b
In base 16, what is -27 + 42ff8?
42fd1
In base 12, what is -5 - -2238a?
22385
In base 16, what is -4 + 52190d?
521909
In base 4, what is -211201 + -312013?
-1123220
In base 3, what is 11101002102022212 - -20?
11101002102100002
In base 5, what is -2113243 - -23411?
-2034332
In base 7, what is 34526 - 512?
34014
In base 5, what is 214233030 - -1243?
214234323
In base 3, what is -20202120202 - -100212?
-20202012220
In base 11, what is -9 - -1835a3a?
1835a31
In base 13, what is -1b597a + -1?
-1b597b
In base 8, what is -4 + 263567073?
263567067
In base 3, what is -12011000202 - -1?
-12011000201
In base 2, what is -110001100100111 + -10000101001?
-110011101010000
In base 7, what is 3 - 111230511?
-111230505
In base 7, what is -1554204415 + -5?
-1554204423
In base 2, what is -11 + 101010101101100101111?
101010101101100101100
In base 3, what is -1000112 + 2021000?
1020111
In base 4, what is 3120000131 + 311?
3120001102
In base 3, what is 112 + 2102212022100?
2102212022212
In base 11, what is 58 + a132771?
a132819
In base 7, what is 35336411243 - 0?
35336411243
In base 15, what is -12e + -61bae?
-61cdd
In base 7, what is -5634024 - -2014?
-5632010
In base 13, what is -1061b7b2a + 2?
-1061b7b28
In base 12, what is 835a40 + -7?
835a35
In base 16, what is -1bce - -1aa?
-1a24
In base 10, what is 673 + 6168?
6841
In base 14, what is -289 + 83daa?
83b21
In base 12, what is 9 - -2878b3?
287900
In base 10, what is -3 - -20250744?
20250741
In base 8, what is 26477 + -171156?
-142457
In base 12, what is 419 - 26928?
-2650b
In base 7, what is -310 - -2550600?
2550260
In base 3, what is 2 - -11100200020022010?
11100200020022012
In base 3, what is -2212121022210 + 11111?
-2212121011022
In base 8, what is 1352 - -3106?
4460
In base 9, what is 3184871 + -116?
3184754
In base 8, what is -272263 + -20716?
-313201
In base 11, what is 3731868 - 4?
3731864
In base 15, what is -8 - -3128823?
312881a
In base 10, what is 760096 + 7?
760103
In base 16, what is 9d09e27 - 4?
9d09e23
In base 15, what is -2b - 2177b6?
-2177e2
In base 8, what is 12 - 42167572?
-42167560
In base 6, what is 4 + 104420233?
104420241
In base 14, what is -20c - -2cd18?
2cb0a
In base 3, what is 2011100112120 + 21210?
2011100211100
In base 3, what is 220000101 - 10200110?
202022221
In base 3, what is -10 - -20000021012001?
20000021011221
In base 9, what is -15 + 54862585?
54862570
In base 15, what is 38a2a40 + 20?
38a2a60
In base 15, what is 315 - 151?
1b4
In base 10, what is 2330 - -2174?
4504
In base 2, what is 11111 - 11101011111100?
-11101011011101
In base 10, what is 2 - -32694482?
32694484
In base 13, what is 621a + -8104?
-1bb7
In base 14, what is -640ad7 + 8?
-640acd
In base 16, what is a - -e453?
e45d
In base 12, what is 13aa1 - -170?
14051
In base 8, what is 1350012764 + -3?
1350012761
In base 10, what is 3 - -78402932?
78402935
In base 2, what is -101000000000011110101 - 1000100?
-101000000000100111001
In base